{"id":538,"date":"2025-02-21T19:27:12","date_gmt":"2025-02-21T19:27:12","guid":{"rendered":"https:\/\/scegitimdanismanlik.com\/?page_id=538"},"modified":"2025-02-22T12:28:16","modified_gmt":"2025-02-22T12:28:16","slug":"yuksekte-guvenli-calisma-egitimi-seviye-2","status":"publish","type":"page","link":"https:\/\/scegitimdanismanlik.com\/index.php\/hizmetlerimiz\/yuksekte-guvenli-calisma-egitimi-seviye-2\/","title":{"rendered":"Y\u00fcksekte G\u00fcvenli \u00c7al\u0131\u015fma E\u011fitimi Seviye 2"},"content":{"rendered":"\n<figure class=\"wp-block-image size-large\"><img fetchpriority=\"high\" decoding=\"async\" width=\"1024\" height=\"768\" src=\"https:\/\/scegitimdanismanlik.com\/wp-content\/uploads\/2025\/02\/WhatsApp-Image-2025-02-12-at-15.16.44-5-1024x768.jpeg\" alt=\"\" class=\"wp-image-540\" srcset=\"https:\/\/scegitimdanismanlik.com\/wp-content\/uploads\/2025\/02\/WhatsApp-Image-2025-02-12-at-15.16.44-5-1024x768.jpeg 1024w, https:\/\/scegitimdanismanlik.com\/wp-content\/uploads\/2025\/02\/WhatsApp-Image-2025-02-12-at-15.16.44-5-300x225.jpeg 300w, https:\/\/scegitimdanismanlik.com\/wp-content\/uploads\/2025\/02\/WhatsApp-Image-2025-02-12-at-15.16.44-5-768x576.jpeg 768w, https:\/\/scegitimdanismanlik.com\/wp-content\/uploads\/2025\/02\/WhatsApp-Image-2025-02-12-at-15.16.44-5-1536x1152.jpeg 1536w, https:\/\/scegitimdanismanlik.com\/wp-content\/uploads\/2025\/02\/WhatsApp-Image-2025-02-12-at-15.16.44-5.jpeg 1600w\" sizes=\"(max-width: 1024px) 100vw, 1024px\" \/><\/figure>\n\n\n\n<p><strong><u>Y\u00fcksekte G\u00fcvenli \u00c7al\u0131\u015fma E\u011fitimi Seviye 2<\/u><\/strong><\/p>\n\n\n\n<p><strong><u>\u0130\u00c7ER\u0130K<\/u><\/strong><\/p>\n\n\n\n<p>Bu kursun amac\u0131, i\u015f deneyimi olan personele farkl\u0131 ve tehlikeli \u00e7al\u0131\u015fma sahalar\u0131nda kar\u015f\u0131la\u015facaklar\u0131 y\u00fcksekte \u00e7al\u0131\u015fma ilkelerini \u00f6\u011fretmek ve fark\u0131ndal\u0131k yaratmakt\u0131r. E\u011fitime kat\u0131lan personel y\u00fcksekte \u00e7al\u0131\u015fman\u0131n riskleri, yasal mevzuat, Ki\u015fisel Koruyucu Donan\u0131m (KKD) kullan\u0131m\u0131\/muayenesi\/bak\u0131m\u0131, risk analizi gibi temel bilgiler edineceklerdir.<\/p>\n\n\n\n<p>E\u011fitimi ba\u015far\u0131yla tamamlayan kat\u0131l\u0131mc\u0131lar d\u00fc\u015f\u00fc\u015f durdurma, i\u015fe konumlanma, d\u00fc\u015f\u00fc\u015f engelleme sistemleri hakk\u0131nda hem teorik hem de pratik beceriler kazan\u0131rlar. Ayr\u0131ca kullan\u0131c\u0131 dostu aletler kullan\u0131larak basit kurtarma senaryolar\u0131 ve acil ka\u00e7\u0131\u015f prati\u011fi yapma imkan\u0131na sahip olurlar. E\u011fitim s\u00fcresince prati\u011fe a\u011f\u0131rl\u0131k verilmekte, sahada kar\u015f\u0131la\u015f\u0131la\u015f\u0131lan farkl\u0131 senaryolar i\u00e7in \u00e7\u00f6z\u00fcmler \u00fcretilmektedir.<\/p>\n\n\n\n<p><strong><u>\u00d6N KO\u015eUL<\/u><\/strong><\/p>\n\n\n\n<p>A\u011f\u0131r ve tehlikeli i\u015flerde \u00e7al\u0131\u015fabilecek t\u0131bbi yeterlilik, y\u00fcksekte \u00e7al\u0131\u015fmaya yatk\u0131nl\u0131k.<\/p>\n\n\n\n<p><strong>K\u0130MLER KATILAB\u0130L\u0130R<\/strong><\/p>\n\n\n\n<ul class=\"wp-block-list\">\n<li>18 ya\u015f\u0131n\u0131 tamamlam\u0131\u015f yeti\u015fkinler<\/li>\n\n\n\n<li>A\u011f\u0131r ve tehlikeli i\u015flerde \u00e7al\u0131\u015fanlar<\/li>\n\n\n\n<li>Hareketli platform, iskele, vin\u00e7, sepetli ara\u00e7 gibi eri\u015fim ara\u00e7lar\u0131nda \u00e7al\u0131\u015fanlar<\/li>\n\n\n\n<li>Ankraj gibi sabit noktalara ba\u011fl\u0131 \u00e7al\u0131\u015fanlar<\/li>\n\n\n\n<li>Yatay ya da dikey ya\u015fam hatlar\u0131na ba\u011fl\u0131 kalarak \u00e7al\u0131\u015fanlar<\/li>\n\n\n\n<li>Basit, eri\u015filebilir yerlerde ask\u0131da kalan personele kurtarma yapma durumu olanlar<\/li>\n<\/ul>\n\n\n\n<p><strong><u>E\u011e\u0130T\u0130M \u0130\u00c7ER\u0130K ve AMA\u00c7<\/u><\/strong><\/p>\n\n\n\n<ul class=\"wp-block-list\">\n<li>Y\u00fcksekte \u00e7al\u0131\u015fma ilkeleri (D\u00fc\u015f\u00fc\u015f durdurma, d\u00fc\u015f\u00fc\u015f engelleme\/tasmalama, i\u015fe konumlanma)<\/li>\n\n\n\n<li>Temel yasal mevzuat<\/li>\n\n\n\n<li>Risk de\u011ferlendirmesi<\/li>\n\n\n\n<li>KKD kontrol\u00fc<\/li>\n\n\n\n<li>Lanyard kullanma<\/li>\n\n\n\n<li>Ankraj noktas\u0131 se\u00e7imi<\/li>\n\n\n\n<li>Sabit ya\u015fam hatlar\u0131n\u0131 kullanma<\/li>\n\n\n\n<li>Ge\u00e7ici yatay ve dikey ya\u015fam hatt\u0131 kurma ve kullanma<\/li>\n\n\n\n<li>Acil durum planlamas\u0131<\/li>\n\n\n\n<li>Eri\u015filebilir noktada as\u0131l\u0131 kalm\u0131\u015f personeli kurtarma<\/li>\n<\/ul>\n\n\n\n<p><strong><u>BELGELEND\u0130RME<\/u><\/strong><\/p>\n\n\n\n<p>Teorik ve pratik s\u0131navlar\u0131 ba\u015far\u0131yla tamamlayan kat\u0131l\u0131mc\u0131lara 6331 Say\u0131l\u0131 \u0130\u015f Sa\u011fl\u0131\u011f\u0131 ve G\u00fcvenli\u011fi Kanunu&#8217;nu ve ilgili y\u00f6netmeliklere uygun &#8220;Ba\u015far\u0131 Belgesi&#8221; verilmektedir. E\u011fitimde hedeflenen ba\u015far\u0131y\u0131 sa\u011flayamayan kat\u0131l\u0131mc\u0131lar i\u00e7in &#8220;Kat\u0131l\u0131m Belgesi&#8221; d\u00fczenlenmektedir<strong><u>.<\/u><\/strong><\/p>\n","protected":false},"excerpt":{"rendered":"<p>Y\u00fcksekte G\u00fcvenli \u00c7al\u0131\u015fma E\u011fitimi Seviye 2 \u0130\u00c7ER\u0130K Bu kursun amac\u0131, i\u015f deneyimi olan personele farkl\u0131 ve tehlikeli \u00e7al\u0131\u015fma sahalar\u0131nda kar\u015f\u0131la\u015facaklar\u0131 y\u00fcksekte \u00e7al\u0131\u015fma ilkelerini \u00f6\u011fretmek ve fark\u0131ndal\u0131k yaratmakt\u0131r. E\u011fitime kat\u0131lan personel y\u00fcksekte \u00e7al\u0131\u015fman\u0131n riskleri, yasal mevzuat, Ki\u015fisel Koruyucu Donan\u0131m (KKD) kullan\u0131m\u0131\/muayenesi\/bak\u0131m\u0131, risk analizi gibi temel bilgiler edineceklerdir. E\u011fitimi ba\u015far\u0131yla tamamlayan kat\u0131l\u0131mc\u0131lar d\u00fc\u015f\u00fc\u015f durdurma, i\u015fe konumlanma, d\u00fc\u015f\u00fc\u015f [&hellip;]<\/p>\n","protected":false},"author":2,"featured_media":0,"parent":556,"menu_order":3,"comment_status":"closed","ping_status":"closed","template":"","meta":{"footnotes":""},"class_list":["post-538","page","type-page","status-publish","hentry"],"_links":{"self":[{"href":"https:\/\/scegitimdanismanlik.com\/index.php\/wp-json\/wp\/v2\/pages\/538","targetHints":{"allow":["GET"]}}],"collection":[{"href":"https:\/\/scegitimdanismanlik.com\/index.php\/wp-json\/wp\/v2\/pages"}],"about":[{"href":"https:\/\/scegitimdanismanlik.com\/index.php\/wp-json\/wp\/v2\/types\/page"}],"author":[{"embeddable":true,"href":"https:\/\/scegitimdanismanlik.com\/index.php\/wp-json\/wp\/v2\/users\/2"}],"replies":[{"embeddable":true,"href":"https:\/\/scegitimdanismanlik.com\/index.php\/wp-json\/wp\/v2\/comments?post=538"}],"version-history":[{"count":1,"href":"https:\/\/scegitimdanismanlik.com\/index.php\/wp-json\/wp\/v2\/pages\/538\/revisions"}],"predecessor-version":[{"id":541,"href":"https:\/\/scegitimdanismanlik.com\/index.php\/wp-json\/wp\/v2\/pages\/538\/revisions\/541"}],"up":[{"embeddable":true,"href":"https:\/\/scegitimdanismanlik.com\/index.php\/wp-json\/wp\/v2\/pages\/556"}],"wp:attachment":[{"href":"https:\/\/scegitimdanismanlik.com\/index.php\/wp-json\/wp\/v2\/media?parent=538"}],"curies":[{"name":"wp","href":"https:\/\/api.w.org\/{rel}","templated":true}]}}