{"id":518,"date":"2025-02-21T19:01:48","date_gmt":"2025-02-21T19:01:48","guid":{"rendered":"https:\/\/scegitimdanismanlik.com\/?page_id=518"},"modified":"2025-02-22T12:28:28","modified_gmt":"2025-02-22T12:28:28","slug":"yuksekte-guvenli-calisma-egitimi","status":"publish","type":"page","link":"https:\/\/scegitimdanismanlik.com\/index.php\/hizmetlerimiz\/yuksekte-guvenli-calisma-egitimi\/","title":{"rendered":"Y\u00fcksekte G\u00fcvenli \u00c7al\u0131\u015fma E\u011fitimi"},"content":{"rendered":"\n<figure class=\"wp-block-image size-large is-resized\"><img fetchpriority=\"high\" decoding=\"async\" width=\"1024\" height=\"1024\" src=\"http:\/\/scegitimdanismanlik.com\/wp-content\/uploads\/2024\/04\/IMG_0186-1024x1024.jpg\" alt=\"yuksekte_calisma_egitim_gorsel\" class=\"wp-image-330\" style=\"width:468px;height:auto\" srcset=\"https:\/\/scegitimdanismanlik.com\/wp-content\/uploads\/2024\/04\/IMG_0186-1024x1024.jpg 1024w, https:\/\/scegitimdanismanlik.com\/wp-content\/uploads\/2024\/04\/IMG_0186-300x300.jpg 300w, https:\/\/scegitimdanismanlik.com\/wp-content\/uploads\/2024\/04\/IMG_0186-150x150.jpg 150w, https:\/\/scegitimdanismanlik.com\/wp-content\/uploads\/2024\/04\/IMG_0186-768x768.jpg 768w, https:\/\/scegitimdanismanlik.com\/wp-content\/uploads\/2024\/04\/IMG_0186.jpg 1242w\" sizes=\"(max-width: 1024px) 100vw, 1024px\" \/><\/figure>\n\n\n\n<p>E\u011fitimlerimiz y\u00fcksekte \u00e7al\u0131\u015fmalarda ve kapal\u0131 alanlar yap\u0131lan i\u015flerde, \u00e7al\u0131\u015fanlar\u0131n sa\u011fl\u0131kl\u0131 ve g\u00fcvenli bir \u015fekilde \u00e7al\u0131\u015fmas\u0131n\u0131 hedeflemektedir. E\u011fitim programlar\u0131 talepte bulunan firmalara g\u00f6re planlanmaktad\u0131r.<\/p>\n\n\n\n<p>Y\u00fcksekte yap\u0131lan her t\u00fcrl\u00fc i\u015fin yap\u0131s\u0131na uygun olarak SC E\u011fitim Dan\u0131\u015fmanl\u0131k Sahas\u0131\u2019nda ya da e\u011fitim talep eden firmalar\u0131n gerekli \u015fartlar\u0131 uygunlu\u011fu tespit edilen sahalar\u0131nda yap\u0131lan e\u011fitimlerimizde;<\/p>\n\n\n\n<ul class=\"wp-block-list\">\n<li>6331 Say\u0131l\u0131 \u0130SG Kanunu,<\/li>\n\n\n\n<li>Ki\u015fisel Koruyucu Donan\u0131m\u0131n\u0131 (KKD) tan\u0131mas\u0131 ve kullanabilmesi,<\/li>\n\n\n\n<li>Basit KKD kontrollerinin yap\u0131labilmesi,<\/li>\n\n\n\n<li>G\u00fcvenli \u00e7al\u0131\u015fma y\u00f6ntemleri,<\/li>\n\n\n\n<li>Acil tahliye ve kurtarma bilgileri ve becerileri,<\/li>\n<\/ul>\n\n\n\n<p>gibi bir \u00e7ok konuda e\u011fitilmektedir.<\/p>\n\n\n\n<p>&nbsp;&nbsp;&nbsp;&nbsp;&nbsp;&nbsp;&nbsp;&nbsp;&nbsp;&nbsp;&nbsp; 2014 y\u0131l\u0131ndan beri, y\u00fcksekte \u00e7al\u0131\u015fan- \u00e7al\u0131\u015facak ya da kapal\u0131 alana giren, kurtarma yapan-yapacak personelin ulusal ve uluslararas\u0131 en g\u00fcncel ve do\u011fru bilgilerle e\u011fitime kat\u0131lan personelin i\u015f sahas\u0131nda daha da g\u00fcvenli \u00e7al\u0131\u015fmas\u0131n\u0131, tehlikeler ve riskler hakk\u0131nda bilin\u00e7li hale gelmesini hedeflemektedir.<\/p>\n\n\n\n<p>&nbsp;&nbsp;&nbsp;&nbsp;&nbsp;&nbsp;&nbsp;&nbsp;&nbsp;&nbsp;&nbsp; E\u011fitimlerimiz SC E\u011fitim Dan\u0131\u015fmanl\u0131k b\u00fcnyesindeki IRATA Seviye 3 sertifikal\u0131 \u0130\u015f G\u00fcvenli\u011fi Uzman\u0131 personelimiz taraf\u0131ndan verilmektedir. E\u011fitimdeki teorik ve pratik s\u0131navlar\u0131 ba\u015far\u0131yla tamamlayan kat\u0131l\u0131mc\u0131lara 6331 Say\u0131l\u0131 \u0130\u015f Sa\u011fl\u0131\u011f\u0131 ve G\u00fcvenli\u011fi Kanunu ve uygun y\u00f6netmeli\u011fe g\u00f6re \u201cBa\u015far\u0131 Belgesi\u201d verilmektedir. E\u011fitimde hedeflenen ba\u015far\u0131y\u0131 sa\u011flayamayan kat\u0131l\u0131mc\u0131lar i\u00e7in \u201cKat\u0131l\u0131m Belgesi\u201d d\u00fczenlenmektedir.<\/p>\n\n\n\n<p><\/p>\n","protected":false},"excerpt":{"rendered":"<p>E\u011fitimlerimiz y\u00fcksekte \u00e7al\u0131\u015fmalarda ve kapal\u0131 alanlar yap\u0131lan i\u015flerde, \u00e7al\u0131\u015fanlar\u0131n sa\u011fl\u0131kl\u0131 ve g\u00fcvenli bir \u015fekilde \u00e7al\u0131\u015fmas\u0131n\u0131 hedeflemektedir. E\u011fitim programlar\u0131 talepte bulunan firmalara g\u00f6re planlanmaktad\u0131r. Y\u00fcksekte yap\u0131lan her t\u00fcrl\u00fc i\u015fin yap\u0131s\u0131na uygun olarak SC E\u011fitim Dan\u0131\u015fmanl\u0131k Sahas\u0131\u2019nda ya da e\u011fitim talep eden firmalar\u0131n gerekli \u015fartlar\u0131 uygunlu\u011fu tespit edilen sahalar\u0131nda yap\u0131lan e\u011fitimlerimizde; gibi bir \u00e7ok konuda e\u011fitilmektedir. &nbsp;&nbsp;&nbsp;&nbsp;&nbsp;&nbsp;&nbsp;&nbsp;&nbsp;&nbsp;&nbsp; [&hellip;]<\/p>\n","protected":false},"author":2,"featured_media":0,"parent":556,"menu_order":1,"comment_status":"closed","ping_status":"closed","template":"","meta":{"footnotes":""},"class_list":["post-518","page","type-page","status-publish","hentry"],"_links":{"self":[{"href":"https:\/\/scegitimdanismanlik.com\/index.php\/wp-json\/wp\/v2\/pages\/518","targetHints":{"allow":["GET"]}}],"collection":[{"href":"https:\/\/scegitimdanismanlik.com\/index.php\/wp-json\/wp\/v2\/pages"}],"about":[{"href":"https:\/\/scegitimdanismanlik.com\/index.php\/wp-json\/wp\/v2\/types\/page"}],"author":[{"embeddable":true,"href":"https:\/\/scegitimdanismanlik.com\/index.php\/wp-json\/wp\/v2\/users\/2"}],"replies":[{"embeddable":true,"href":"https:\/\/scegitimdanismanlik.com\/index.php\/wp-json\/wp\/v2\/comments?post=518"}],"version-history":[{"count":2,"href":"https:\/\/scegitimdanismanlik.com\/index.php\/wp-json\/wp\/v2\/pages\/518\/revisions"}],"predecessor-version":[{"id":522,"href":"https:\/\/scegitimdanismanlik.com\/index.php\/wp-json\/wp\/v2\/pages\/518\/revisions\/522"}],"up":[{"embeddable":true,"href":"https:\/\/scegitimdanismanlik.com\/index.php\/wp-json\/wp\/v2\/pages\/556"}],"wp:attachment":[{"href":"https:\/\/scegitimdanismanlik.com\/index.php\/wp-json\/wp\/v2\/media?parent=518"}],"curies":[{"name":"wp","href":"https:\/\/api.w.org\/{rel}","templated":true}]}}